{"id":15,"date":"2026-03-07T03:57:32","date_gmt":"2026-03-07T00:57:32","guid":{"rendered":"https:\/\/mochilatop.com.br\/?page_id=15"},"modified":"2026-03-07T03:57:33","modified_gmt":"2026-03-07T00:57:33","slug":"contato","status":"publish","type":"page","link":"https:\/\/mochilatop.com.br\/melhor-mochila-2026-guia-completo-para-escolher\/contato\/","title":{"rendered":"Contato"},"content":{"rendered":"\n<p>Estamos a disposi\u00e7\u00e3o para qualquer d\u00favida, reclama\u00e7\u00e3o ou sugest\u00e3o em rela\u00e7\u00e3o ao nosso conte\u00fado, basta preencher os campos abaixo e retornaremos em at\u00e9 24 horas.<\/p>\n\n\n\n<div class=\"wpcf7 no-js\" id=\"wpcf7-f14-o1\" lang=\"pt-BR\" dir=\"ltr\" data-wpcf7-id=\"14\">\n<div class=\"screen-reader-response\"><p role=\"status\" aria-live=\"polite\" aria-atomic=\"true\"><\/p> <ul><\/ul><\/div>\n<form action=\"\/melhor-mochila-2026-guia-completo-para-escolher\/wp-json\/wp\/v2\/pages\/15#wpcf7-f14-o1\" method=\"post\" class=\"wpcf7-form init\" aria-label=\"Formul\u00e1rios de contato\" novalidate=\"novalidate\" data-status=\"init\">\n<fieldset class=\"hidden-fields-container\"><input type=\"hidden\" name=\"_wpcf7\" value=\"14\" \/><input type=\"hidden\" name=\"_wpcf7_version\" value=\"6.1.5\" \/><input type=\"hidden\" name=\"_wpcf7_locale\" value=\"pt_BR\" \/><input type=\"hidden\" name=\"_wpcf7_unit_tag\" value=\"wpcf7-f14-o1\" \/><input type=\"hidden\" name=\"_wpcf7_container_post\" value=\"0\" \/><input type=\"hidden\" name=\"_wpcf7_posted_data_hash\" value=\"\" \/>\n<\/fieldset>\n<p><label> Seu nome<br \/>\n<span class=\"wpcf7-form-control-wrap\" data-name=\"your-name\"><input size=\"40\" maxlength=\"400\" class=\"wpcf7-form-control wpcf7-text wpcf7-validates-as-required\" autocomplete=\"name\" aria-required=\"true\" aria-invalid=\"false\" value=\"\" type=\"text\" name=\"your-name\" \/><\/span> <\/label>\n<\/p>\n<p><label> Seu e-mail<br \/>\n<span class=\"wpcf7-form-control-wrap\" data-name=\"your-email\"><input size=\"40\" maxlength=\"400\" class=\"wpcf7-form-control wpcf7-email wpcf7-validates-as-required wpcf7-text wpcf7-validates-as-email\" autocomplete=\"email\" aria-required=\"true\" aria-invalid=\"false\" value=\"\" type=\"email\" name=\"your-email\" \/><\/span> <\/label>\n<\/p>\n<p><label> Assunto<br \/>\n<span class=\"wpcf7-form-control-wrap\" data-name=\"your-subject\"><input size=\"40\" maxlength=\"400\" class=\"wpcf7-form-control wpcf7-text wpcf7-validates-as-required\" aria-required=\"true\" aria-invalid=\"false\" value=\"\" type=\"text\" name=\"your-subject\" \/><\/span> <\/label>\n<\/p>\n<p><label> Sua mensagem (opcional)<br \/>\n<span class=\"wpcf7-form-control-wrap\" data-name=\"your-message\"><textarea cols=\"40\" rows=\"10\" maxlength=\"2000\" class=\"wpcf7-form-control wpcf7-textarea\" aria-invalid=\"false\" name=\"your-message\"><\/textarea><\/span> <\/label>\n<\/p>\n<p><input class=\"wpcf7-form-control wpcf7-submit has-spinner\" type=\"submit\" value=\"Enviar\" \/>\n<\/p><div class=\"wpcf7-response-output\" aria-hidden=\"true\"><\/div>\n<\/form>\n<\/div>\n\n","protected":false},"excerpt":{"rendered":"<p>Estamos a disposi\u00e7\u00e3o para qualquer d\u00favida, reclama\u00e7\u00e3o ou sugest\u00e3o em rela\u00e7\u00e3o ao nosso conte\u00fado, basta preencher os campos abaixo e retornaremos em at\u00e9 24 horas.<\/p>\n","protected":false},"author":1,"featured_media":0,"parent":0,"menu_order":0,"comment_status":"closed","ping_status":"closed","template":"","meta":{"footnotes":""},"class_list":["post-15","page","type-page","status-publish"],"_hostinger_reach_plugin_has_subscription_block":false,"_hostinger_reach_plugin_is_elementor":false,"_links":{"self":[{"href":"https:\/\/mochilatop.com.br\/melhor-mochila-2026-guia-completo-para-escolher\/wp-json\/wp\/v2\/pages\/15","targetHints":{"allow":["GET"]}}],"collection":[{"href":"https:\/\/mochilatop.com.br\/melhor-mochila-2026-guia-completo-para-escolher\/wp-json\/wp\/v2\/pages"}],"about":[{"href":"https:\/\/mochilatop.com.br\/melhor-mochila-2026-guia-completo-para-escolher\/wp-json\/wp\/v2\/types\/page"}],"author":[{"embeddable":true,"href":"https:\/\/mochilatop.com.br\/melhor-mochila-2026-guia-completo-para-escolher\/wp-json\/wp\/v2\/users\/1"}],"replies":[{"embeddable":true,"href":"https:\/\/mochilatop.com.br\/melhor-mochila-2026-guia-completo-para-escolher\/wp-json\/wp\/v2\/comments?post=15"}],"version-history":[{"count":2,"href":"https:\/\/mochilatop.com.br\/melhor-mochila-2026-guia-completo-para-escolher\/wp-json\/wp\/v2\/pages\/15\/revisions"}],"predecessor-version":[{"id":17,"href":"https:\/\/mochilatop.com.br\/melhor-mochila-2026-guia-completo-para-escolher\/wp-json\/wp\/v2\/pages\/15\/revisions\/17"}],"wp:attachment":[{"href":"https:\/\/mochilatop.com.br\/melhor-mochila-2026-guia-completo-para-escolher\/wp-json\/wp\/v2\/media?parent=15"}],"curies":[{"name":"wp","href":"https:\/\/api.w.org\/{rel}","templated":true}]}}